nder when 22 is divided by o?
10
Let p(k) = k**2 + 11*k - 14. What is the remainder when 45 is divided by p(-13)?
9
Let t(f) = -f**3 - f**2 - f + 40. Let m = 38 + -27. What is the remainder when t(0) is divided by m?
7
Let p(j) = -j**2 + 21*j - 9. Calculate the remainder when 37 is divided by p(20).
4
Suppose -u + 4*u = 12, k = 2*u + 19. What is the remainder when k is divided by 16?
11
Let b = 6 - -10. Calculate the remainder when 43 is divided by b.
11
Let h = 15 + -1. Calculate the remainder when 53 is divided by h.
11
Let d(f) = f - 11. Let z be d(11). Suppose 5*j = -z*j + 25. Let c(u) = -u**3 + 4*u**2 + 2*u - 5. Calculate the remainder when j is divided by c(4).
2
Let v = -59 + 86. Calculate the remainder when 78 is divided by v.
24
Let o(d) = -2*d. Let x(j) = 2*j + 1. Let h(t) = 3*o(t) + 2*x(t). Calculate the remainder when 54 is divided by h(-6).
12
Let w(i) = -5*i + 3 + 3*i - 7. Calculate the remainder when 13 is divided by w(-4).
1
Let j(u) = 4*u**2 + u + 2. Calculate the remainder when j(3) is divided by (-36)/(-9)*42/8.
20
Suppose -3*g = 3*t - 39, -5*g = 5*t - g - 64. Let m(r) = r**3 + r + 7. Let w be m(0). Let h = t - w. Calculate the remainder when h is divided by 2.
1
Suppose -2*i - 3*q - 2*q = -49, -2*i + 2*q + 28 = 0. Calculate the remainder when 21 is divided by i.
4
Let l = 17 + -10. Suppose 2*f - 10 = 0, -f - 2 = -2*r + 1. Let k(c) = 3*c. Calculate the remainder when k(r) is divided by l.
5
Suppose -31 = -3*w + 8. Let o = 74 + -36. Calculate the remainder when o is divided by w.
12
Suppose 3*a + 2*f - 1536 = -2*a, -3*a - 3*f = -927. Calculate the remainder when a is divided by 44.
42
Let h(s) = 3*s**2 + 8*s + 5. Let k = 6 - 11. What is the remainder when h(k) is divided by 14?
12
Let h(b) = -23*b - 1. Let p be 28/21*(-3)/2. Calculate the remainder when h(p) is divided by 16.
13
Let m = -3 + -13. Let o = m + 35. Calculate the remainder when o is divided by 5.
4
Let n = 24 - 14. What is the remainder when n is divided by 3?
1
Let f be (-2)/(-9) - (-52)/9. Suppose f*s = 2*s + 656. Suppose -x = 3*x - s. Calculate the remainder when x is divided by 14.
13
What is the remainder when (1/(-1) - 0) + 40 is divided by 10?
9
Let h(a) = -a**3 - 6*a**2 - 4*a + 7. Let p = 10 - -1. Calculate the remainder when h(-6) is divided by p.
9
Let g be (4 + -5)/((-1)/5). Let m = g - -2. Calculate the remainder when 19 is divided by m.
5
Let q = 153 - 106. Calculate the remainder when q is divided by 8.
7
Suppose 5*i + 0*n - 220 = 2*n, 0 = 2*n - 10. Calculate the remainder when i is divided by 12.
10
Suppose -5*p - 4*z = -70, -3*p + 5*z + 15 = p. Let a(h) = -h**3 + 9*h**2 - 2*h - 9. Calculate the remainder when a(8) is divided by p.
9
Suppose 0*j + 40 = 2*j - 2*k, 2*j + 4*k = 10. Suppose 48 = 4*c - 0*c. Calculate the remainder when (344/c)/((-4)/(-6)) is divided by j.
13
Suppose -t + 2 = -3*t. Let w = 34 - 20. What is the remainder when 24 + (t - -3) - -1 is divided by w?
13
Let a = 153 - 128. What is the remainder when a is divided by 13?
12
Let c be 4/6*252/3. Suppose c = 5*o - 3*w, 4*w + 1 + 7 = 0. Suppose 334 - 82 = 9*r. Calculate the remainder when r is divided by o.
8
Let f(s) be the first derivative of 3*s**2/2 + 2*s - 2. Suppose -4*v - 3*r = -85, -2*v + 5*v - 64 = -2*r. Calculate the remainder when v is divided by f(2).
6
Suppose 8*n - 3*n + 3*p = 369, 5*n + p - 363 = 0. Calculate the remainder when n is divided by 25.
22
Let l = 0 + 2. Suppose 3 + 7 = l*f. Let z(m) = -m**2 + 7*m + 3. What is the remainder when z(f) is divided by 7?
6
Suppose -n - 68 = -5*n + 3*t, 0 = -2*t. Calculate the remainder when 65 is divided by n.
14
Let q = -4 + 7. Let h be 26/(-7) + 4/(-14). Calculate the remainder when (-6)/h*32/6 is divided by q.
2
Let w(r) = r**2 - 13*r - 21. What is the remainder when w(-4) is divided by 13?
8
Suppose 3*d = 4*p - 2*p - 106, 4*d = 4*p - 220. What is the remainder when p is divided by 6?
5
Suppose -10 = -v + w, -2*w = 4*v + w - 54. Calculate the remainder when 21 is divided by v.
9
Let s(z) = z**2 - 8*z + 2. Let d be s(8). Suppose -2*j + 69 = 5*i, -d*i - j + 12 = -16. Calculate the remainder when 37 is divided by i.
11
Suppose t + 17 = 4*n, 0 = 4*n - n + 2*t - 10. Calculate the remainder when 14 is divided by n.
2
Let o = -22 + 13. Let z = 23 + o. Suppose -3*w + 4*q - 54 = -4*w, -5*w = 4*q - 270. Calculate the remainder when w is divided by z.
12
Suppose 2*k = -k. Let o(l) = l**2 + 65. What is the remainder when o(k) is divided by 17?
14
Suppose 3*r + r = 60. Suppose -c + y + 3 = 0, -5*y = c - 3*y - r. Calculate the remainder when 18 is divided by c.
4
Let u(f) = f + 17. Let j be (-1 - (-3 - -2))/1. Suppose -2*r - 3*a - 332 = -7*r, -72 = -r - 5*a. What is the remainder when r is divided by u(j)?
16
Suppose 0*j - 5*j + 30 = 0. Suppose i = -0*i + j. Let v = -1 - -5. What is the remainder when i is divided by v?
2
Let q(n) = -n**3 + 3*n**2 + 6*n - 3. Let t(x) = x**3 + 9*x**2 - 4*x + 6. Let s be t(-9). What is the remainder when (s/8)/(3/8) is divided by q(4)?
4
Let n(r) = -2*r**3 - 3*r**2 + r - 1. Suppose -5*t + 28 + 312 = -4*x, -2*t + 136 = 2*x. Calculate the remainder when t is divided by n(-3).
22
Suppose -3*a - 5*a + 432 = 0. What is the remainder when a is divided by 16?
6
Suppose 2*x = 4*x - 58. Let a be (-4)/14 - 564/(-14). Suppose 2*f = 4*d + a, 3*f + 3*d + 5 = 20. Calculate the remainder when x is divided by f.
9
Let d(s) = -s. Let u(i) = -6*i + 2. Let p(q) = 4*d(q) - u(q). Let w be p(2). Suppose -r = w*r - 63. Calculate the remainder when 61 is divided by r.
19
Let t(p) = 4 + p**2 - 11*p - 8 - 4. Calculate the remainder when 14 is divided by t(12).
2
Suppose 0*m - 2*m + 152 = 4*l, 2*m - l - 147 = 0. Calculate the remainder when m is divided by 26.
22
Let k be (-9)/2*(-2)/(-3). Let t = 33 + k. Calculate the remainder when t is divided by 8.
6
Let x be 0*-1*1/1. Suppose -3*p + 5 + 16 = x. What is the remainder when 27 is divided by p?
6
Let b(m) = 2*m**2 + 6*m + 7. What is the remainder when b(-3) is divided by 2?
1
Calculate the remainder when -7*6*15/(-35) is divided by 5.
3
Let d(n) = 2*n**2 - 7*n + 4. Let o be (-3)/(83/(-40) + 2). What is the remainder when d(4) is divided by (6/5)/(16/o)?
2
What is the remainder when 4096/28 - 2/7 is divided by 37?
35
Suppose 2*a + 16 = 6*a, -5*r + 14 = -4*a. Let u be (r - 3)*2*2. Calculate the remainder when 274/u - 8/(-48) is divided by 8.
7
Let d(y) = -y**3 - y**2 + 2*y + 2. Let v be d(-2). Let i = 100 + -40. Suppose 2*s - i = -v*s. What is the remainder when 43 is divided by s?
13
Suppose -4*m = -3*v - 172, -5*m - 21 = -4*v - 237. Suppose -3*d = 29 - 71. What is the remainder when m is divided by d?
12
Let c(o) = -o**2 + 5*o. Let u = 2 - -1. Let l = -12 - -22. Calculate the remainder when l is divided by c(u).
4
Let k(m) = -m**3 - 7*m**2 + 3*m + 1. Let l be k(-7). Let t = 30 + l. Calculate the remainder when 29 is divided by t.
9
Let c(o) = o**2 - 14*o + 17. What is the remainder when 7 is divided by c(13)?
3
Suppose -3*d = -3*y - 2*y + 24, -y - 5*d - 12 = 0. Suppose 3*b = -2*u + 7*u - 158, y*u = b + 94. Calculate the remainder when u is divided by 11.
9
Suppose 0*s - 18 = -3*s. Calculate the remainder when 2 is divided by (1 - 9/s)*-2.
0
Let t = -3 - -6. Let y(r) = -r**2 - r + 4. Let x be y(0). Suppose 5*s = t*s + x. Calculate the remainder when 2 is divided by s.
0
Let k(p) = -30*p - 16. What is the remainder when k(-3) is divided by 15?
14
Let g(q) = 35*q + 5. What is the remainder when 158 is divided by g(1)?
38
Suppose -3*p = 2*z - 7*p + 48, 0 = -4*z - 5*p - 135. Let g = z + 78. Let v = g + -34. Calculate the remainder when 40 is divided by v.
12
Let o = 8 - 0. What is the remainder when 26 is divided by o?
2
Suppose -132 = -4*s - 2*j, s + 165 = 6*s - j. What is the remainder when s is divided by 12?
9
Let q(l) = -l**3 + 7*l**2 - 4*l - 5. Let x(s) = -s**3 + 11*s**2 + s + 13. What is the remainder when x(11) is divided by q(6)?
3
Suppose 6 + 4 = 5*f. Suppose -5*u = f*o - 76, -62 - 128 = -5*o - u. What is the remainder when o is divided by 13?
12
Suppose 14*t - 24 = 242. What is the remainder when t is divided by 13?
6
Let m = 5 - 3. Suppose -7 = -m*b + 63. What is the remainder when b is divided by 19?
16
Let k(l) = -6*l + 1. Let s(r) = -19*r + 3. Let j(t) = 7*k(t) - 2*s(t)